-20 - -35. Suppose 0*b - 4*b = 20, 3*f + 3*b = -9. Suppose f*i + p - 45 = 0. Calculate the remainder when 28 is divided by i.
13
Let t(u) = u**2 + 1. Let o = 10 - 6. Suppose o*m - 25 = -m. What is the remainder when t(m) is divided by 9?
8
Suppose -18*h = -13*h - 20. Calculate the remainder when 19 is divided by h.
3
Suppose -8*t = -305 - 287. Calculate the remainder when t is divided by 19.
17
Let m(k) = 21*k**2 + k - 1. Let q(v) = -11*v - 5. Calculate the remainder when q(-6) is divided by m(1).
19
Let g(l) = l**2 + 2*l - 1. Suppose 5*z - 2*z - 26 = 4*v, 0 = -3*z + 3*v + 30. Let i = 53 - z. Calculate the remainder when i is divided by g(-5).
11
Let b(v) = v**3 + 5*v**2 + 4*v + 4. Let a be b(-4). Suppose 4*q - 8 = 0, 2*q - 3*q = a*j - 134. What is the remainder when j is divided by 12?
9
Suppose 0 = x + 22 - 46. Calculate the remainder when x is divided by 8.
0
Suppose -10 = -4*w + 50. Let t = w + 12. What is the remainder when t is divided by 14?
13
Suppose 13*i = 12*i + 10. Calculate the remainder when 47 is divided by i.
7
Let k = 9 + 4. Suppose -92 = -7*y + 3*y. What is the remainder when y is divided by k?
10
Let l(q) = -2*q + 2. What is the remainder when 63 is divided by l(-7)?
15
Suppose -92 = -4*g - 2*b, 3*b - 59 = -3*g + 13. Let z(u) = -9 - 2 + 11*u**2 - 4 - 1 - 14*u + u**3. What is the remainder when g is divided by z(-12)?
6
Let h(k) be the second derivative of -k**5/20 + 5*k**4/12 - k**3/2 + k**2 + k. Calculate the remainder when 21 is divided by h(3).
10
Let h(s) = 19*s**3 - 4*s**2 + 4*s - 5. Calculate the remainder when h(2) is divided by 35.
34
Suppose 39 = 2*a - 3*x, -2*a = 3*a - 2*x - 81. Let u = a - 27. What is the remainder when 27/u*(-3 + -1) is divided by 5?
4
Suppose 0 = n - 4 + 1. Suppose i + 0 = n. Suppose 32 = 3*c + 5*j, 3*j - 4 = 2*j. Calculate the remainder when c is divided by i.
1
Let l(y) = y**3 + 7*y**2 - 35*y - 23. What is the remainder when l(-10) is divided by 4/6 - (-40)/3?
13
Suppose 0 = x, -3*b - 5*x = -x - 99. What is the remainder when 98 is divided by b?
32
Let p(o) = 6*o**3 + o**2 + 2*o + 1. Let b be p(-1). Calculate the remainder when 38 is divided by (-148)/(-12) - 4/b.
12
Let i(n) = n**2 + 4*n - 2. Let w be i(-5). Suppose -5*c + 204 = w*f, -4*c - f + 120 = -c. Calculate the remainder when c is divided by 20.
19
Suppose 3*y + c - 50 = 0, 3*c + 0 = 2*y - 26. Suppose y = -j - 23. Let i = j - -64. Calculate the remainder when i is divided by 13.
12
Let k(y) = -y**2 - 8*y - 7. Let u = 57 + -43. Calculate the remainder when u is divided by k(-5).
6
What is the remainder when 95 - 4*4/4 is divided by 31?
29
Suppose -2*l + 0*l + 4 = 0. What is the remainder when 13 is divided by -5*-1*(-1 + l)?
3
Let a(j) = j**2 + 7*j + 4. Let k(n) = -3*n**2 - 15*n - 9. Let g(s) = -5*a(s) - 2*k(s). What is the remainder when 47 is divided by g(7)?
11
Calculate the remainder when (-19)/(-2) + (-1)/(-2) is divided by (-4)/10 + (-96)/(-15).
4
Let s = 7 + -4. Suppose -6*r + s*r + 25 = -y, 0 = -2*y - 2. Let u = 6 - -8. What is the remainder when u is divided by r?
6
Let f(d) = 2*d**2 + 2. What is the remainder when 78 is divided by f(-3)?
18
Let y(z) = z**3 + 10*z**2 + 2*z - 22. Let r(v) = v**2 + v + 1. Let x(n) = 6*r(n) + y(n). Calculate the remainder when x(-15) is divided by 30.
29
Suppose -u = -3*l - 0*u - 11, 15 = -3*l + 3*u. What is the remainder when 3/15 - (-117)/15 is divided by 8/3 + (-1)/l?
2
Let h = -1 + 5. Suppose -12 = h*s + 12. Calculate the remainder when (-39)/2*4/s is divided by 7.
6
Suppose 0*l - 15*l = -180. Calculate the remainder when l is divided by 4.
0
Let t = -172 + 109. Suppose d + 1 = 0, -j - 5*d = 3*j + 137. Let h = j - t. Calculate the remainder when h is divided by 16.
14
Let p(q) = -q**3 + 5*q**2 + 5*q - 7. Let z(h) = -h + 17. Let r be z(12). What is the remainder when p(r) is divided by 10?
8
Suppose i = 5*t - 425, -3*t = -3*i - 12 - 231. What is the remainder when t is divided by 22?
20
Suppose -4*m = 3*p - 33 - 716, 4*m = 3*p - 709. What is the remainder when p is divided by 49?
47
Let n = -16 - -29. Calculate the remainder when n is divided by 3.
1
Let w = 14 + -27. Let u = w - -32. What is the remainder when u is divided by 10?
9
Suppose -2*k + k = -13. What is the remainder when k is divided by 140/18 - (-6)/27?
5
Suppose -5*b = -8 - 42. Let i = 27 + -16. What is the remainder when i is divided by (b - 1)*(-4)/(-6)?
5
Let a(j) = -j**2 - 7*j + 2. Let z = -1 + 5. Suppose -z*f + 4 - 20 = 0, -5*f - 15 = -c. What is the remainder when 34 is divided by a(c)?
10
Let s = -9 + 30. Let v = -2 - s. Let i = v - -39. What is the remainder when 30 is divided by i?
14
Let f = -1 - 0. Calculate the remainder when 1 - (-19 - -1) - f is divided by (325/(-6))/(-5) + 16/96.
9
Let r = 42 - 72. Calculate the remainder when 4/5 - 906/r is divided by 16.
15
Suppose 4*l + 5*r = 48, -5*l = -0*r - 2*r - 60. Suppose -2*c = -n - 0 - l, n - 12 = -2*c. Calculate the remainder when 16 is divided by c.
4
Suppose 2*s - 6*d - 36 = -2*d, -2*s = 2*d - 42. What is the remainder when ((-1)/2)/(1/(-156)) is divided by s?
18
Let q = 26 + -12. What is the remainder when q is divided by 8/6 + 2 - (-16)/24?
2
Suppose -4*s + 138 = 5*n + 48, 3*s + n = 73. What is the remainder when s is divided by 11?
3
Let w(x) be the second derivative of 0 - 4*x + 1/6*x**3 + 11/2*x**2. Calculate the remainder when 56 is divided by w(8).
18
Let h(k) = k**3 + 17*k**2 + 28*k - 3. Calculate the remainder when h(-15) is divided by 4.
3
Let k = 490 - 313. Let a = -48 + k. Calculate the remainder when a is divided by 33.
30
Let u(t) = -t**3 - 11*t**2 - 4*t + 9. Calculate the remainder when u(-11) is divided by 8.
5
Let w = 3 - -1. Suppose -3*s + 288 + 150 = w*m, 2*s - 285 = -5*m. Suppose -5*g = -3*j + s, j + 2*g - 50 = g. What is the remainder when j is divided by 17?
16
Let o = 20 - 17. Let r(w) = w + 7. Let g be r(-5). Suppose -3*n + 22 = -g*x, -o*x + 5 = -2*n + 7*n. What is the remainder when 10 is divided by n?
2
Suppose 12 = -0*l + 3*l. What is the remainder when 5 is divided by l?
1
Let k(x) = 16*x - 28. Calculate the remainder when k(7) is divided by 43.
41
Suppose -15 = 3*z, 3*g - 5*z - 49 = -0*z. Suppose -3*d + 44 = 5. What is the remainder when d is divided by g?
5
Let i(f) = -f**3 - 5*f**2 + f + 7. Let v be i(-5). Suppose 3*q = -v*q + 5. Let h = 0 - -1. Calculate the remainder when q is divided by h.
0
Suppose 5*h = 13 + 7. Let o(r) = -10*r - 3. Let x be o(h). Calculate the remainder when (2 - x) + 2 + -1 is divided by 16.
14
Let t(s) = s**3 + 6*s**2 - 2*s - 10. Calculate the remainder when 2 is divided by t(-6).
0
Suppose 0 = -3*x - 4*r + 94, 2*r - 44 = -2*x + 4*r. What is the remainder when x is divided by 15?
11
Suppose -5*o - 60 = -4*g, -2*g + 6*g + 3*o - 28 = 0. Calculate the remainder when 49 is divided by g.
9
Let g(l) = -l**3 - 8*l**2 - 2*l + 2. What is the remainder when 71 is divided by g(-8)?
17
What is the remainder when 52 is divided by ((-1)/(-2))/(8/288)?
16
Let f(r) be the second derivative of r**3/6 - r**2 - r. Suppose 0*j - 2*j + 14 = 0. What is the remainder when f(j) is divided by 2?
1
Suppose 140 = q + 4*q. What is the remainder when q is divided by 15?
13
Suppose 7*f + 5 = 8*f. Suppose -2*h - 6 = 0, 2*r - 155 = -3*r + f*h. What is the remainder when r is divided by 15?
13
Calculate the remainder when (29/2)/((7/10)/7) is divided by 37.
34
Suppose n - 32 = -2*v + 5*n, 5*n = -2*v + 14. What is the remainder when 35 is divided by v?
11
Let s = -6 + 22. What is the remainder when 29 is divided by s?
13
Let j = -143 - -166. What is the remainder when 45 is divided by j?
22
Suppose r - 5*t = 46, -3*r + 2*t + 79 = 6. Calculate the remainder when r is divided by 11.
10
Calculate the remainder when 28 is divided by (-72)/(-30)*5/2.
4
Suppose 10*g = 225 - 35. Calculate the remainder when 93 is divided by g.
17
Suppose -p + 2*p + 44 = 0. Calculate the remainder when 20 is divided by (4/(-8))/(2/p).
9
Let l be (10/6)/((-2)/(-6)). Suppose -18 = n + l*m, 5*n + 0*m + 4*m + 6 = 0. Suppose -n*w + 3 - 1 = 0. Calculate the remainder when w is divided by 1.
0
Suppose 0*c = -3*c + 60. What is the remainder when c is divided by 11?
9
Let a be 27/5 + (-8)/20. Suppose 3*p + a = 8*p. Calculate the remainder when (p - -1) + 32 - 2 is divided by 